r when m(h) is divided by 13.
10
Let b = -3687 - -3773. What is the remainder when 1368 is divided by b?
78
Let a be (108/(-30))/((-6)/40). Suppose -4*i + 112 = -c, -2*c = -a + 16. Calculate the remainder when i is divided by 18.
11
Suppose 3*n = -j + 581, 4*n - j = 399 + 371. Calculate the remainder when 1349 is divided by n.
191
Let l = -206 - -494. Suppose -3*v = -7*v - 4*c + l, -3*c - 9 = 0. Calculate the remainder when v is divided by 16.
11
Calculate the remainder when 439 is divided by (-3)/234 - 14/91 - 723/(-18).
39
Let d = 207 - 216. Let s(t) = -6*t - 14. What is the remainder when 119 is divided by s(d)?
39
Suppose 4*n + 51 = 2*j + 3*j, j - 2*n - 9 = 0. What is the remainder when j is divided by ((-6)/8)/(1/(-8))?
5
Suppose 51*y - 53*y = -w + 1006, 3*w - 2994 = 2*y. What is the remainder when w is divided by 991?
3
Let t = -331 + 343. Suppose -52 = t*b - 400. What is the remainder when 144 is divided by b?
28
Let d(c) = 10*c + 247. Let w be d(-19). Suppose -4811*t = -4808*t - w. Let l(p) = -38*p - 3. What is the remainder when l(-3) is divided by t?
16
What is the remainder when 1954 is divided by 3160/28 - 3 - (-642)/(-749)?
101
Let l = -30512 + 31568. Calculate the remainder when l is divided by 109.
75
Let r(w) = -w**2 - 123*w - 1873. Calculate the remainder when 3726 is divided by r(-20).
173
Let h be (-12)/1*(4 - 2). Let f be h/(2*3/(-6)). Let q = f + -17. Calculate the remainder when 13 is divided by q.
6
Let l(v) = 3*v + 14. Let h be l(-4). Calculate the remainder when h + -7 + (-316)/(-2) is divided by 39.
36
Suppose -2*q + 1 + 3 = 0. Suppose p = q*f - 11 + 5, -4*p = -5*f + 9. What is the remainder when 159 is divided by (-6 - 0)*((-10)/p - 2)?
24
Let l(t) = -404*t + 45. Let u be l(-2). Let s = u + -819. Calculate the remainder when 268 is divided by s.
30
Let t(x) = 7*x**2 + 27*x - 53. Suppose -5*p = -84 - 176. What is the remainder when t(-7) is divided by p?
49
Suppose 0 = -l - 3*c + 204, 4*c - 28 = -8. Calculate the remainder when l is divided by (-59)/(-3) + 4/(-6).
18
Suppose -2*s = -5*j + 70, 3*j - 5*s = -0*j + 61. Let n = j - -19. Suppose 1340 = 82*o - 6204. Calculate the remainder when o is divided by n.
30
Let z = 6785 + -6771. What is the remainder when 108 is divided by z?
10
Suppose 0 = u - 113. Suppose u = 7*a + 22. What is the remainder when 1129 is divided by a?
11
What is the remainder when 229 is divided by 4/34 - (1832/(-34) - -6)?
37
Let r be (-2)/(-2) + -14 + -1. Let s(x) = x**2 - 12*x + 3. Let w be s(13). Calculate the remainder when w/(-10)*35/r is divided by 3.
1
Let u = 18 - -6. Suppose 7*r - 9*r = -u. Calculate the remainder when (-8)/(-2)*r/16 + 73 is divided by 11.
10
Suppose 19*r + 9*r = 6*r + 10802. Calculate the remainder when r is divided by 71.
65
Suppose -2*g + 5*i + 111 = 2*g, -5*g - 4*i = -149. Calculate the remainder when 24329 is divided by g.
27
Suppose -3*d + 244 = -2*o, -3*o - 210 + 558 = 4*d. Suppose 7*j = -0*j + 357. What is the remainder when d is divided by j?
33
Suppose -10*v = 3*l - 13*v - 474, -4*v = -20. What is the remainder when l is divided by 151?
12
Suppose 42*a - 89*a - 731 = -30*a. Let u = -112 - -79. Let j = u - a. What is the remainder when 58 is divided by j?
8
Let w be (1 - 3)*36/(-8). Suppose 33 = w*u - 12. Calculate the remainder when (u/(-20) - 1)*-8 is divided by 5.
0
Suppose 16246*o - 10026 = 16240*o. Calculate the remainder when o is divided by 31.
28
Suppose 90*h - 25821 = -61*h. What is the remainder when h is divided by 90?
81
Let h = -217 - -222. Suppose -h*i + 220 = -3*j, 0 = -i + 3*j + 33 - 1. What is the remainder when i is divided by 11?
3
Suppose -409*v - 82244 + 28876 = -437*v. Calculate the remainder when v is divided by 87.
79
Suppose -3 + 3 = 23*m. Suppose 4*i + m*i + 4*n - 192 = 0, 0 = -2*i - 3*n + 99. Calculate the remainder when i is divided by 8.
5
Suppose -3*r = 0, 0 = 2*f - 6*f - r - 108. Let t(z) = -2*z**3 - 54*z**2 + 28. What is the remainder when 82 is divided by t(f)?
26
Let s(i) = -3*i**3 + 5*i**2 + 64*i + 37. Suppose d - 57 = -2*d. What is the remainder when s(-4) is divided by d?
15
Let r(k) = -4*k**2 + 5*k + 14. Let s be r(-4). What is the remainder when s*(-2)/20*4 is divided by 17?
11
Suppose -5*j - 5*k = -10, -6 - 12 = j + 5*k. Let y(c) = -2*c**2 - 42*c + 474. What is the remainder when y(-29) is divided by j?
3
Suppose 0 = -4*j - 2*d + 70, 2*j = -4*d - 15 + 65. Let r(b) = b**3 + 2*b**2 - 31*b + 70. Calculate the remainder when r(8) is divided by j.
12
Suppose 0 = -6*y + 93 + 195. Let g(d) = d**2 + 2*d - 7. Suppose -2*x - 4 - 4 = -4*t, 5*t + 4*x - 36 = 0. What is the remainder when y is divided by g(t)?
14
Suppose 0 = -2*o + u + 197, 0 = 51*o - 48*o + 4*u - 334. Suppose 0 = 3*w - 0*w - 39. Calculate the remainder when o is divided by w.
11
Let q be 4*(-3 + 4)/1. Suppose -4*w + 3*x - q*x + 12 = 0, 2*x = -5*w + 12. Calculate the remainder when -4 - (-6 - (-92)/(-4)) is divided by w.
1
Suppose 139 = -10*q + 19. What is the remainder when 99/4 - (-9)/q is divided by 14?
10
Let f(i) = i**2 + i + 2. Let w be ((-24)/30)/((-2)/10). Suppose 3*t + 2*y = y + 28, w*y + 31 = t. What is the remainder when f(-6) is divided by t?
10
Let g(b) = 2*b - 3. Let m = 20 + -55. Let a = -31 - m. Calculate the remainder when 10 is divided by g(a).
0
Suppose 12*d + 6 = 9*d. Suppose -49*l = 44 - 975. Calculate the remainder when -2 + (-74)/d - -1 is divided by l.
17
Suppose 163*j + 88 = 171*j. Let a = 4 - -2. What is the remainder when j is divided by a?
5
What is the remainder when 392 is divided by (79 + -68)/((-2)/(-18))?
95
Suppose -29*c = -2*c - 567. Let n = 192 + c. Calculate the remainder when n is divided by 54.
51
What is the remainder when -15 - (-805 + -24 - -23) is divided by 788?
3
Let c(q) be the first derivative of 17*q**4/4 - 2*q**3/3 + q**2/2 + 8. Let v be c(1). Suppose v - 76 = -g. What is the remainder when g is divided by 9?
6
Let j = -986 + 1577. Calculate the remainder when j is divided by 85.
81
Suppose -99*a + 106385 = -278025 + 80975. Calculate the remainder when a is divided by 1020.
5
Let l(z) be the third derivative of 11*z**4/24 - 16*z**3/3 - 8*z**2. Let f(u) = 2*u**2 - 7. Let i be f(3). Calculate the remainder when l(i) is divided by 45.
44
Let t = -34 - -12. Let c(n) = 3*n + 2. Let h(x) = 8*x + 7. Let j(a) = -11*c(a) + 4*h(a). What is the remainder when 109 is divided by j(t)?
25
Let t = -11945 - -12175. Calculate the remainder when 490 is divided by t.
30
Let i = -293 + 4176. Calculate the remainder when i is divided by 13.
9
Let h = 5401 - 5304. Calculate the remainder when 2713 is divided by h.
94
Let j = -3 - -10. Let m(x) = 5*x - 13. Let d be m(j). Suppose d = 5*h - 2*i, 0 = h - i - i + 2. What is the remainder when 14 is divided by h?
2
Suppose -v + 304 = 2*b, 0 = 114*v - 110*v - 4*b - 1276. Calculate the remainder when v is divided by 197.
117
Calculate the remainder when 25/5 + (250 + 0 - (-41 + 34)) is divided by 66.
64
Suppose 3*w + 3*z = -481 + 37, -5*z - 311 = 2*w. Let c be (-3)/(0 - (-1)/67). Let r = w - c. Calculate the remainder when r is divided by 15.
13
Let y be 64/12*(-117)/6. Let w be (25 - 24)*484/2. Let g = y + w. Calculate the remainder when g is divided by 20.
18
Suppose w - 16 = -w + v, 0 = 4*w + v - 20. Let j(b) = -8*b - 40. Calculate the remainder when j(-10) is divided by w.
4
Suppose 3*q + 7*d = 1075, 10*q - 14*q = -2*d - 1456. Calculate the remainder when q is divided by 87.
15
Suppose -764*h + 75 = -759*h. What is the remainder when 222 is divided by h?
12
Let k = -1602 + 1688. What is the remainder when 191 is divided by k?
19
Let g(i) = i**2 + i + 11. Suppose 1 = 2*c - 11 - 4, 0 = 5*l + 4*c - 447. What is the remainder when g(-9) is divided by l?
0
Calculate the remainder when 248 is divided by 860/9 - 240/(-540).
56
Let y be 10/15 + 7/3. Suppose 0 = y*h - 6*h + 150. Calculate the remainder when h is divided by 28 + 2 + 8/(-2).
24
Let r(x) = x**3 + 37*x**2 + 37*x + 59. Suppose -3*u + 5*d - 93 = 0, -2*d - 119 = 2*u - 41. Calculate the remainder when 394/6 + 1/3 is divided by r(u).
20
Suppose -748 + 109 = -4*i - 5*q, -15 = -5*q. What is the remainder when 2961 is divided by i?
153
Let s be 10/4*(6 - 48/15). Suppose -5*j - 3*f - s = -118, 3*j - 5*f = 53. What is the remainder when (2 + -2 - -3